emainder when 630 is divided by 112?
70
Calculate the remainder when 15319 is divided by 4.
3
What is the remainder when 13773 is divided by 56?
53
What is the remainder when 50304 is divided by 127?
12
What is the remainder when 1328040 is divided by 46?
20
What is the remainder when 12150 is divided by 12?
6
Calculate the remainder when 3708 is divided by 208.
172
What is the remainder when 223034 is divided by 8578?
6
What is the remainder when 16393 is divided by 5458?
19
What is the remainder when 570720 is divided by 2339?
4
Calculate the remainder when 31324 is divided by 240.
124
Calculate the remainder when 154355 is divided by 38587.
7
Calculate the remainder when 6369 is divided by 340.
249
What is the remainder when 4461 is divided by 128?
109
Calculate the remainder when 8150 is divided by 2529.
563
Calculate the remainder when 73128 is divided by 73116.
12
Calculate the remainder when 214260 is divided by 23.
15
What is the remainder when 4492 is divided by 195?
7
What is the remainder when 429 is divided by 249?
180
Calculate the remainder when 150819 is divided by 368.
307
What is the remainder when 2549 is divided by 4?
1
Calculate the remainder when 240030 is divided by 1481.
108
What is the remainder when 12891 is divided by 5?
1
Calculate the remainder when 847 is divided by 142.
137
What is the remainder when 25666 is divided by 53?
14
What is the remainder when 22953 is divided by 31?
13
Calculate the remainder when 23699 is divided by 152.
139
Calculate the remainder when 377693 is divided by 638.
635
Calculate the remainder when 2441 is divided by 798.
47
What is the remainder when 12112 is divided by 60?
52
Calculate the remainder when 75503 is divided by 614.
595
What is the remainder when 105936 is divided by 322?
320
Calculate the remainder when 18744 is divided by 14.
12
What is the remainder when 1334 is divided by 401?
131
What is the remainder when 1702189 is divided by 417?
412
Calculate the remainder when 1943 is divided by 9.
8
What is the remainder when 1708978 is divided by 273?
271
Calculate the remainder when 111468 is divided by 1023.
984
Calculate the remainder when 443156 is divided by 63306.
14
What is the remainder when 14753 is divided by 369?
362
What is the remainder when 87471 is divided by 43732?
7
Calculate the remainder when 84973 is divided by 28322.
7
Calculate the remainder when 61453 is divided by 4724.
41
What is the remainder when 122630 is divided by 40872?
14
What is the remainder when 1270 is divided by 1153?
117
Calculate the remainder when 2983 is divided by 586.
53
Calculate the remainder when 163780 is divided by 12598.
6
What is the remainder when 176491 is divided by 179?
176
What is the remainder when 2191 is divided by 187?
134
What is the remainder when 6157 is divided by 3052?
53
Calculate the remainder when 45041 is divided by 465.
401
Calculate the remainder when 1064 is divided by 671.
393
Calculate the remainder when 6254 is divided by 139.
138
Calculate the remainder when 205425 is divided by 12.
9
What is the remainder when 2422165 is divided by 1169?
1166
What is the remainder when 188647 is divided by 275?
272
Calculate the remainder when 726567 is divided by 270.
267
Calculate the remainder when 6178 is divided by 1226.
48
What is the remainder when 249069 is divided by 16?
13
Calculate the remainder when 2890 is divided by 152.
2
What is the remainder when 109190 is divided by 13645?
30
What is the remainder when 381 is divided by 203?
178
Calculate the remainder when 26810 is divided by 842.
708
Calculate the remainder when 10012 is divided by 4999.
14
What is the remainder when 69661 is divided by 33?
31
Calculate the remainder when 1868 is divided by 1861.
7
Calculate the remainder when 1010 is divided by 77.
9
What is the remainder when 26431 is divided by 116?
99
What is the remainder when 28780 is divided by 54?
52
What is the remainder when 1349 is divided by 269?
4
What is the remainder when 2205548 is divided by 81?
80
Calculate the remainder when 281038 is divided by 319.
318
Calculate the remainder when 10012 is divided by 3146.
574
What is the remainder when 134653 is divided by 61?
26
Calculate the remainder when 10571 is divided by 45.
41
What is the remainder when 498364 is divided by 305?
299
What is the remainder when 1299 is divided by 328?
315
What is the remainder when 4610 is divided by 2304?
2
What is the remainder when 54225 is divided by 9034?
21
Calculate the remainder when 159411 is divided by 29.
27
Calculate the remainder when 155404 is divided by 59.
57
What is the remainder when 1484780 is divided by 151?
148
What is the remainder when 8570 is divided by 8472?
98
Calculate the remainder when 5004 is divided by 712.
20
Calculate the remainder when 17714 is divided by 57.
44
What is the remainder when 4230 is divided by 10?
0
What is the remainder when 33337 is divided by 1515?
7
Calculate the remainder when 45820 is divided by 30.
10
Calculate the remainder when 68286 is divided by 1549.
130
Calculate the remainder when 372913 is divided by 6215.
13
Calculate the remainder when 13661 is divided by 130.
11
What is the remainder when 3915 is divided by 499?
422
What is the remainder when 103308 is divided by 29?
10
Calculate the remainder when 120441 is divided by 14.
13
What is the remainder when 12620 is divided by 1236?
260
What is the remainder when 1719846 is divided by 1506?
1500
What is the remainder when 11961 is divided by 1914?
477
What is the remainder when 2385 is divided by 1169?
47
What is the remainder when 1350 is divided by 87?
45
Calculate the remainder when 906 is divided by 528.
378
What is the remainder when 5190 is divided by 346?
0
What is the remainder when 2117 is divided by 99?
38
What is the remainder when 75068 is divided by 41?
38
Calculate the remainder when 296358 is divided by 1976.
1934
Calculate the remainder when 334 is divided by 75.
34
Calculate the remainder when 966 is divided by 68.
14
What is the remainder when 23039 is divided by 2654?
1807
What is the remainder when 238080 is divided by 44?
40
What is the remainder when 1183 is divided by 77?
28
Calculate the remainder when 2407 is divided by 640.
487
Calculate the remainder when 2341 is divided by 594.
559
Calculate the remainder when 375892 is divided by 13.
10
Calculate the remainder when 3260424 is divided by 13.
11
Calculate the remainder when 1580 is divided by 394.
4
Calculate the remainder when 530845 is divided by 16.
13
Calculate the remainder when 33963 is divided by 28.
27
What is the remainder when 3535 is divided by 149?
108
Calculate the remainder when 239245 is divided by 143.
6
What is the remainder when 135875 is divided by 22638?
47
Calculate the remainder when 43025 is divided by 10.
5
What is the remainder when 9510 is divided by 1585?
0
Calculate the remainder when 9543 is divided by 2211.
699
Calculate the remainder when 192552 is divided by 7.
3
Calculate the remainder when 31627 is divided by 14.
1
Calculate the remainder when 4736 is divided by 20.
16
Calculate the remainder when 5079 is divided by 8.
7
What is the remainder when 670124 is divided by 876?
860
Calculate the remainder when 90306 is divided by 413.
272
What is the remainder when 3873130 is divided by 12?
10
What is the remainder when 16071820 is divided by 829?
826
Calculate the remainder when 276539 is divided by 41.
35
Calculate the remainder when 7029 is divided by 2329.
42
Calculate the remainder when 21862 is divided by 3.
1
Calculate the remainder when 34454 is divided by 31.
13
Calculate the remainder when 129861 is divided by 84.
81
Calculate the remainder when 3012 is divided by 97.
5
What is the remainder when 11538 is divided by 23?
15
What is the remainder when 1860998 is divided by 11?
7
Calculate the remainder when 6499 is divided by 12.
7
What is the remainder when 9265 is divided by 3083?
16
Calculate the remainder when 10270 is divided by 10269.
1
What is the remainder when 1766 is divided by 941?
825
What is the remainder when 13197 is divided by 16?
13
Calculate the remainder when 4718 is divided by 450.
218
Calculate the remainder when 251533 is divided by 67.
15
What is the remainder when 7698 is divided by 257?
245
Calculate the r